{"id":13,"date":"2024-08-13T13:04:49","date_gmt":"2024-08-13T11:04:49","guid":{"rendered":"https:\/\/www.al-keramik.ch\/?page_id=13"},"modified":"2024-08-13T14:36:41","modified_gmt":"2024-08-13T12:36:41","slug":"ueber-uns","status":"publish","type":"page","link":"https:\/\/www.al-keramik.ch\/index.php\/ueber-uns\/","title":{"rendered":"\u00dcber uns"},"content":{"rendered":"\t\t<div data-elementor-type=\"wp-page\" data-elementor-id=\"13\" class=\"elementor elementor-13\">\n\t\t\t\t\t\t<section class=\"elementor-section elementor-top-section elementor-element elementor-element-b897734 elementor-section-boxed elementor-section-height-default elementor-section-height-default\" data-id=\"b897734\" data-element_type=\"section\" data-e-type=\"section\" data-settings=\"{&quot;background_background&quot;:&quot;classic&quot;}\">\n\t\t\t\t\t\t\t<div class=\"elementor-background-overlay\"><\/div>\n\t\t\t\t\t\t\t<div class=\"elementor-container elementor-column-gap-default\">\n\t\t\t\t\t<div class=\"elementor-column elementor-col-100 elementor-top-column elementor-element elementor-element-25cbe1a4\" data-id=\"25cbe1a4\" data-element_type=\"column\" data-e-type=\"column\">\n\t\t\t<div class=\"elementor-widget-wrap elementor-element-populated\">\n\t\t\t\t\t\t<div class=\"elementor-element elementor-element-ef21eb6 elementor-widget elementor-widget-heading\" data-id=\"ef21eb6\" data-element_type=\"widget\" data-e-type=\"widget\" data-widget_type=\"heading.default\">\n\t\t\t\t<div class=\"elementor-widget-container\">\n\t\t\t\t\t<h3 class=\"elementor-heading-title elementor-size-default\">\u00dcber uns<\/h3>\t\t\t\t<\/div>\n\t\t\t\t<\/div>\n\t\t\t\t<div class=\"elementor-element elementor-element-4569a12b elementor-widget elementor-widget-text-editor\" data-id=\"4569a12b\" data-element_type=\"widget\" data-e-type=\"widget\" data-widget_type=\"text-editor.default\">\n\t\t\t\t<div class=\"elementor-widget-container\">\n\t\t\t\t\t\t\t\t\t<p>&#8222;Als Experten f\u00fcr hochwertige Karamik-Boden- und Wandbel\u00e4ge bringen wir Stil und Funktionalit\u00e4t in Ihr Zuhause. Mit jahrelanger Erfahrung und einem Auge f\u00fcr Details bieten wir ma\u00dfgeschneiderte L\u00f6sungen, die perfekt zu Ihren R\u00e4umen passen \u2013 von eleganten Badezimmern bis hin zu modernen Wohnbereichen. Unser Ziel ist es, Ihre Vision in die Realit\u00e4t umzusetzen und dabei h\u00f6chsten Qualit\u00e4tsstandards gerecht zu werden.&#8220;<\/p>\t\t\t\t\t\t\t\t<\/div>\n\t\t\t\t<\/div>\n\t\t\t\t\t<\/div>\n\t\t<\/div>\n\t\t\t\t\t<\/div>\n\t\t<\/section>\n\t\t<div class=\"elementor-element elementor-element-8cd8a02 e-flex e-con-boxed e-con e-parent\" data-id=\"8cd8a02\" data-element_type=\"container\" data-e-type=\"container\">\n\t\t\t\t\t<div class=\"e-con-inner\">\n\t\t<div class=\"elementor-element elementor-element-5f4f097 e-con-full e-flex e-con e-child\" data-id=\"5f4f097\" data-element_type=\"container\" data-e-type=\"container\">\n\t\t\t\t<div class=\"elementor-element elementor-element-aa05d94 elementor-widget elementor-widget-image\" data-id=\"aa05d94\" data-element_type=\"widget\" data-e-type=\"widget\" data-widget_type=\"image.default\">\n\t\t\t\t<div class=\"elementor-widget-container\">\n\t\t\t\t\t\t\t\t\t\t\t\t\t\t\t<img fetchpriority=\"high\" decoding=\"async\" width=\"1536\" height=\"1082\" src=\"https:\/\/www.al-keramik.ch\/wp-content\/uploads\/2024\/08\/worker-1696026_1920-1536x1082.jpg\" class=\"attachment-1536x1536 size-1536x1536 wp-image-94\" alt=\"\" srcset=\"https:\/\/www.al-keramik.ch\/wp-content\/uploads\/2024\/08\/worker-1696026_1920-1536x1082.jpg 1536w, https:\/\/www.al-keramik.ch\/wp-content\/uploads\/2024\/08\/worker-1696026_1920-300x211.jpg 300w, https:\/\/www.al-keramik.ch\/wp-content\/uploads\/2024\/08\/worker-1696026_1920-1024x721.jpg 1024w, https:\/\/www.al-keramik.ch\/wp-content\/uploads\/2024\/08\/worker-1696026_1920-768x541.jpg 768w, https:\/\/www.al-keramik.ch\/wp-content\/uploads\/2024\/08\/worker-1696026_1920.jpg 1920w\" sizes=\"(max-width: 1536px) 100vw, 1536px\" \/>\t\t\t\t\t\t\t\t\t\t\t\t\t\t\t<\/div>\n\t\t\t\t<\/div>\n\t\t\t\t<\/div>\n\t\t<div class=\"elementor-element elementor-element-280185f e-con-full e-flex e-con e-child\" data-id=\"280185f\" data-element_type=\"container\" data-e-type=\"container\">\n\t\t\t\t<div class=\"elementor-element elementor-element-66f9059 elementor-widget elementor-widget-image\" data-id=\"66f9059\" data-element_type=\"widget\" data-e-type=\"widget\" data-widget_type=\"image.default\">\n\t\t\t\t<div class=\"elementor-widget-container\">\n\t\t\t\t\t\t\t\t\t\t\t\t\t\t\t<img decoding=\"async\" width=\"1536\" height=\"1046\" src=\"https:\/\/www.al-keramik.ch\/wp-content\/uploads\/2024\/08\/tiler-2489868_1920-1536x1046.jpg\" class=\"attachment-1536x1536 size-1536x1536 wp-image-92\" alt=\"\" srcset=\"https:\/\/www.al-keramik.ch\/wp-content\/uploads\/2024\/08\/tiler-2489868_1920-1536x1046.jpg 1536w, https:\/\/www.al-keramik.ch\/wp-content\/uploads\/2024\/08\/tiler-2489868_1920-300x204.jpg 300w, https:\/\/www.al-keramik.ch\/wp-content\/uploads\/2024\/08\/tiler-2489868_1920-1024x698.jpg 1024w, https:\/\/www.al-keramik.ch\/wp-content\/uploads\/2024\/08\/tiler-2489868_1920-768x523.jpg 768w, https:\/\/www.al-keramik.ch\/wp-content\/uploads\/2024\/08\/tiler-2489868_1920.jpg 1920w\" sizes=\"(max-width: 1536px) 100vw, 1536px\" \/>\t\t\t\t\t\t\t\t\t\t\t\t\t\t\t<\/div>\n\t\t\t\t<\/div>\n\t\t\t\t<\/div>\n\t\t<div class=\"elementor-element elementor-element-3572648 e-con-full e-flex e-con e-child\" data-id=\"3572648\" data-element_type=\"container\" data-e-type=\"container\">\n\t\t\t\t<div class=\"elementor-element elementor-element-2c9795c elementor-widget elementor-widget-image\" data-id=\"2c9795c\" data-element_type=\"widget\" data-e-type=\"widget\" data-widget_type=\"image.default\">\n\t\t\t\t<div class=\"elementor-widget-container\">\n\t\t\t\t\t\t\t\t\t\t\t\t\t\t\t<img decoding=\"async\" width=\"1024\" height=\"696\" src=\"https:\/\/www.al-keramik.ch\/wp-content\/uploads\/2024\/08\/tiler-2554768_1920-1-1024x696.jpg\" class=\"attachment-large size-large wp-image-95\" alt=\"\" srcset=\"https:\/\/www.al-keramik.ch\/wp-content\/uploads\/2024\/08\/tiler-2554768_1920-1-1024x696.jpg 1024w, https:\/\/www.al-keramik.ch\/wp-content\/uploads\/2024\/08\/tiler-2554768_1920-1-300x204.jpg 300w, https:\/\/www.al-keramik.ch\/wp-content\/uploads\/2024\/08\/tiler-2554768_1920-1-768x522.jpg 768w, https:\/\/www.al-keramik.ch\/wp-content\/uploads\/2024\/08\/tiler-2554768_1920-1-1536x1044.jpg 1536w, https:\/\/www.al-keramik.ch\/wp-content\/uploads\/2024\/08\/tiler-2554768_1920-1.jpg 1920w\" sizes=\"(max-width: 1024px) 100vw, 1024px\" \/>\t\t\t\t\t\t\t\t\t\t\t\t\t\t\t<\/div>\n\t\t\t\t<\/div>\n\t\t\t\t<\/div>\n\t\t<div class=\"elementor-element elementor-element-224b447 e-con-full e-flex e-con e-child\" data-id=\"224b447\" data-element_type=\"container\" data-e-type=\"container\">\n\t\t\t\t<\/div>\n\t\t<div class=\"elementor-element elementor-element-2c1c207 e-con-full e-flex e-con e-child\" data-id=\"2c1c207\" data-element_type=\"container\" data-e-type=\"container\">\n\t\t\t\t<\/div>\n\t\t<div class=\"elementor-element elementor-element-dc2bcda e-con-full e-flex e-con e-child\" data-id=\"dc2bcda\" data-element_type=\"container\" data-e-type=\"container\">\n\t\t\t\t<\/div>\n\t\t\t\t\t<\/div>\n\t\t\t\t<\/div>\n\t\t\t\t<\/div>\n\t\t","protected":false},"excerpt":{"rendered":"<p>\u00dcber uns &#8222;Als Experten f\u00fcr hochwertige Karamik-Boden- und Wandbel\u00e4ge bringen wir Stil und Funktionalit\u00e4t in Ihr Zuhause. Mit jahrelanger Erfahrung und einem Auge f\u00fcr Details bieten wir ma\u00dfgeschneiderte L\u00f6sungen, die perfekt zu Ihren R\u00e4umen passen \u2013 von eleganten Badezimmern bis hin zu modernen Wohnbereichen. Unser Ziel ist es, Ihre Vision in die Realit\u00e4t umzusetzen und [&hellip;]<\/p>\n","protected":false},"author":1,"featured_media":0,"parent":0,"menu_order":0,"comment_status":"closed","ping_status":"closed","template":"","meta":{"ocean_post_layout":"","ocean_both_sidebars_style":"","ocean_both_sidebars_content_width":0,"ocean_both_sidebars_sidebars_width":0,"ocean_sidebar":"","ocean_second_sidebar":"","ocean_disable_margins":"enable","ocean_add_body_class":"","ocean_shortcode_before_top_bar":"","ocean_shortcode_after_top_bar":"","ocean_shortcode_before_header":"","ocean_shortcode_after_header":"","ocean_has_shortcode":"","ocean_shortcode_after_title":"","ocean_shortcode_before_footer_widgets":"","ocean_shortcode_after_footer_widgets":"","ocean_shortcode_before_footer_bottom":"","ocean_shortcode_after_footer_bottom":"","ocean_display_top_bar":"default","ocean_display_header":"default","ocean_header_style":"","ocean_center_header_left_menu":"","ocean_custom_header_template":"","ocean_custom_logo":0,"ocean_custom_retina_logo":0,"ocean_custom_logo_max_width":0,"ocean_custom_logo_tablet_max_width":0,"ocean_custom_logo_mobile_max_width":0,"ocean_custom_logo_max_height":0,"ocean_custom_logo_tablet_max_height":0,"ocean_custom_logo_mobile_max_height":0,"ocean_header_custom_menu":"","ocean_menu_typo_font_family":"","ocean_menu_typo_font_subset":"","ocean_menu_typo_font_size":0,"ocean_menu_typo_font_size_tablet":0,"ocean_menu_typo_font_size_mobile":0,"ocean_menu_typo_font_size_unit":"px","ocean_menu_typo_font_weight":"","ocean_menu_typo_font_weight_tablet":"","ocean_menu_typo_font_weight_mobile":"","ocean_menu_typo_transform":"","ocean_menu_typo_transform_tablet":"","ocean_menu_typo_transform_mobile":"","ocean_menu_typo_line_height":0,"ocean_menu_typo_line_height_tablet":0,"ocean_menu_typo_line_height_mobile":0,"ocean_menu_typo_line_height_unit":"","ocean_menu_typo_spacing":0,"ocean_menu_typo_spacing_tablet":0,"ocean_menu_typo_spacing_mobile":0,"ocean_menu_typo_spacing_unit":"","ocean_menu_link_color":"","ocean_menu_link_color_hover":"","ocean_menu_link_color_active":"","ocean_menu_link_background":"","ocean_menu_link_hover_background":"","ocean_menu_link_active_background":"","ocean_menu_social_links_bg":"","ocean_menu_social_hover_links_bg":"","ocean_menu_social_links_color":"","ocean_menu_social_hover_links_color":"","ocean_disable_title":"on","ocean_disable_heading":"default","ocean_post_title":"","ocean_post_subheading":"","ocean_post_title_style":"","ocean_post_title_background_color":"","ocean_post_title_background":0,"ocean_post_title_bg_image_position":"","ocean_post_title_bg_image_attachment":"","ocean_post_title_bg_image_repeat":"","ocean_post_title_bg_image_size":"","ocean_post_title_height":0,"ocean_post_title_bg_overlay":0.5,"ocean_post_title_bg_overlay_color":"","ocean_disable_breadcrumbs":"default","ocean_breadcrumbs_color":"","ocean_breadcrumbs_separator_color":"","ocean_breadcrumbs_links_color":"","ocean_breadcrumbs_links_hover_color":"","ocean_display_footer_widgets":"default","ocean_display_footer_bottom":"default","ocean_custom_footer_template":"","footnotes":""},"class_list":["post-13","page","type-page","status-publish","hentry","entry"],"_links":{"self":[{"href":"https:\/\/www.al-keramik.ch\/index.php\/wp-json\/wp\/v2\/pages\/13","targetHints":{"allow":["GET"]}}],"collection":[{"href":"https:\/\/www.al-keramik.ch\/index.php\/wp-json\/wp\/v2\/pages"}],"about":[{"href":"https:\/\/www.al-keramik.ch\/index.php\/wp-json\/wp\/v2\/types\/page"}],"author":[{"embeddable":true,"href":"https:\/\/www.al-keramik.ch\/index.php\/wp-json\/wp\/v2\/users\/1"}],"replies":[{"embeddable":true,"href":"https:\/\/www.al-keramik.ch\/index.php\/wp-json\/wp\/v2\/comments?post=13"}],"version-history":[{"count":5,"href":"https:\/\/www.al-keramik.ch\/index.php\/wp-json\/wp\/v2\/pages\/13\/revisions"}],"predecessor-version":[{"id":98,"href":"https:\/\/www.al-keramik.ch\/index.php\/wp-json\/wp\/v2\/pages\/13\/revisions\/98"}],"wp:attachment":[{"href":"https:\/\/www.al-keramik.ch\/index.php\/wp-json\/wp\/v2\/media?parent=13"}],"curies":[{"name":"wp","href":"https:\/\/api.w.org\/{rel}","templated":true}]}}