{"id":15,"date":"2024-08-13T13:04:49","date_gmt":"2024-08-13T11:04:49","guid":{"rendered":"https:\/\/www.al-keramik.ch\/?page_id=15"},"modified":"2024-08-13T14:43:19","modified_gmt":"2024-08-13T12:43:19","slug":"boden-wandbelaege","status":"publish","type":"page","link":"https:\/\/www.al-keramik.ch\/index.php\/boden-wandbelaege\/","title":{"rendered":"Boden-Wandbel\u00e4ge"},"content":{"rendered":"\t\t<div data-elementor-type=\"wp-page\" data-elementor-id=\"15\" class=\"elementor elementor-15\">\n\t\t\t\t\t\t<section class=\"elementor-section elementor-top-section elementor-element elementor-element-481a8f36 elementor-section-boxed elementor-section-height-default elementor-section-height-default\" data-id=\"481a8f36\" data-element_type=\"section\" data-e-type=\"section\" data-settings=\"{&quot;background_background&quot;:&quot;classic&quot;}\">\n\t\t\t\t\t\t\t<div class=\"elementor-background-overlay\"><\/div>\n\t\t\t\t\t\t\t<div class=\"elementor-container elementor-column-gap-default\">\n\t\t\t\t\t<div class=\"elementor-column elementor-col-100 elementor-top-column elementor-element elementor-element-e893d10\" data-id=\"e893d10\" data-element_type=\"column\" data-e-type=\"column\">\n\t\t\t<div class=\"elementor-widget-wrap elementor-element-populated\">\n\t\t\t\t\t\t<div class=\"elementor-element elementor-element-4ab2cf3f elementor-widget elementor-widget-heading\" data-id=\"4ab2cf3f\" data-element_type=\"widget\" data-e-type=\"widget\" data-widget_type=\"heading.default\">\n\t\t\t\t<div class=\"elementor-widget-container\">\n\t\t\t\t\t<h3 class=\"elementor-heading-title elementor-size-default\">Boden - Wandbel\u00e4ge<\/h3>\t\t\t\t<\/div>\n\t\t\t\t<\/div>\n\t\t\t\t<div class=\"elementor-element elementor-element-538fcf0 elementor-widget elementor-widget-text-editor\" data-id=\"538fcf0\" data-element_type=\"widget\" data-e-type=\"widget\" data-widget_type=\"text-editor.default\">\n\t\t\t\t<div class=\"elementor-widget-container\">\n\t\t\t\t\t\t\t\t\t<p>&#8222;Unsere Karamik-Boden- und Wandbel\u00e4ge vereinen \u00c4sthetik und Langlebigkeit. Ob f\u00fcr Badezimmer, K\u00fcche oder Wohnr\u00e4ume \u2013 wir bieten eine vielf\u00e4ltige Auswahl an Designs und Farben, die jedem Raum eine individuelle Note verleihen. Durch die Kombination von hochwertigen Materialien und pr\u00e4ziser Verarbeitung schaffen wir Oberfl\u00e4chen, die nicht nur sch\u00f6n aussehen, sondern auch den t\u00e4glichen Anforderungen standhalten. Lassen Sie sich von unserer Auswahl inspirieren und verwandeln Sie Ihre R\u00e4ume in echte Wohlf\u00fchloasen.&#8220;<\/p>\t\t\t\t\t\t\t\t<\/div>\n\t\t\t\t<\/div>\n\t\t\t\t\t<\/div>\n\t\t<\/div>\n\t\t\t\t\t<\/div>\n\t\t<\/section>\n\t\t<div class=\"elementor-element elementor-element-94d7a72 e-flex e-con-boxed e-con e-parent\" data-id=\"94d7a72\" data-element_type=\"container\" data-e-type=\"container\">\n\t\t\t\t\t<div class=\"e-con-inner\">\n\t\t<div class=\"elementor-element elementor-element-01b9e3e e-con-full e-flex e-con e-child\" data-id=\"01b9e3e\" data-element_type=\"container\" data-e-type=\"container\">\n\t\t\t\t<div class=\"elementor-element elementor-element-b37fa2a elementor-widget elementor-widget-image\" data-id=\"b37fa2a\" data-element_type=\"widget\" data-e-type=\"widget\" data-widget_type=\"image.default\">\n\t\t\t\t<div class=\"elementor-widget-container\">\n\t\t\t\t\t\t\t\t\t\t\t\t\t\t\t<img fetchpriority=\"high\" decoding=\"async\" width=\"1024\" height=\"768\" src=\"https:\/\/www.al-keramik.ch\/wp-content\/uploads\/2024\/08\/powder-white-amb-zoom-1024x768.jpg\" class=\"attachment-large size-large wp-image-89\" alt=\"\" srcset=\"https:\/\/www.al-keramik.ch\/wp-content\/uploads\/2024\/08\/powder-white-amb-zoom-1024x768.jpg 1024w, https:\/\/www.al-keramik.ch\/wp-content\/uploads\/2024\/08\/powder-white-amb-zoom-300x225.jpg 300w, https:\/\/www.al-keramik.ch\/wp-content\/uploads\/2024\/08\/powder-white-amb-zoom-768x576.jpg 768w, https:\/\/www.al-keramik.ch\/wp-content\/uploads\/2024\/08\/powder-white-amb-zoom.jpg 1280w\" sizes=\"(max-width: 1024px) 100vw, 1024px\" \/>\t\t\t\t\t\t\t\t\t\t\t\t\t\t\t<\/div>\n\t\t\t\t<\/div>\n\t\t\t\t<\/div>\n\t\t<div class=\"elementor-element elementor-element-2a44eb7 e-con-full e-flex e-con e-child\" data-id=\"2a44eb7\" data-element_type=\"container\" data-e-type=\"container\">\n\t\t\t\t<div class=\"elementor-element elementor-element-d24ca3f elementor-widget elementor-widget-image\" data-id=\"d24ca3f\" data-element_type=\"widget\" data-e-type=\"widget\" data-widget_type=\"image.default\">\n\t\t\t\t<div class=\"elementor-widget-container\">\n\t\t\t\t\t\t\t\t\t\t\t\t\t\t\t<img decoding=\"async\" width=\"1024\" height=\"768\" src=\"https:\/\/www.al-keramik.ch\/wp-content\/uploads\/2024\/08\/all-grey-60x120-amb-zoom-1-1024x768.jpg\" class=\"attachment-large size-large wp-image-79\" alt=\"\" srcset=\"https:\/\/www.al-keramik.ch\/wp-content\/uploads\/2024\/08\/all-grey-60x120-amb-zoom-1-1024x768.jpg 1024w, https:\/\/www.al-keramik.ch\/wp-content\/uploads\/2024\/08\/all-grey-60x120-amb-zoom-1-300x225.jpg 300w, https:\/\/www.al-keramik.ch\/wp-content\/uploads\/2024\/08\/all-grey-60x120-amb-zoom-1-768x576.jpg 768w, https:\/\/www.al-keramik.ch\/wp-content\/uploads\/2024\/08\/all-grey-60x120-amb-zoom-1.jpg 1280w\" sizes=\"(max-width: 1024px) 100vw, 1024px\" \/>\t\t\t\t\t\t\t\t\t\t\t\t\t\t\t<\/div>\n\t\t\t\t<\/div>\n\t\t\t\t<\/div>\n\t\t<div class=\"elementor-element elementor-element-bb80092 e-con-full e-flex e-con e-child\" data-id=\"bb80092\" data-element_type=\"container\" data-e-type=\"container\">\n\t\t\t\t<div class=\"elementor-element elementor-element-0c18b57 elementor-widget elementor-widget-image\" data-id=\"0c18b57\" data-element_type=\"widget\" data-e-type=\"widget\" data-widget_type=\"image.default\">\n\t\t\t\t<div class=\"elementor-widget-container\">\n\t\t\t\t\t\t\t\t\t\t\t\t\t\t\t<img decoding=\"async\" width=\"1024\" height=\"768\" src=\"https:\/\/www.al-keramik.ch\/wp-content\/uploads\/2024\/08\/alpes-grey-60x120-mosaico-amb-zoom-1-1024x768.jpg\" class=\"attachment-large size-large wp-image-80\" alt=\"\" srcset=\"https:\/\/www.al-keramik.ch\/wp-content\/uploads\/2024\/08\/alpes-grey-60x120-mosaico-amb-zoom-1-1024x768.jpg 1024w, https:\/\/www.al-keramik.ch\/wp-content\/uploads\/2024\/08\/alpes-grey-60x120-mosaico-amb-zoom-1-300x225.jpg 300w, https:\/\/www.al-keramik.ch\/wp-content\/uploads\/2024\/08\/alpes-grey-60x120-mosaico-amb-zoom-1-768x576.jpg 768w, https:\/\/www.al-keramik.ch\/wp-content\/uploads\/2024\/08\/alpes-grey-60x120-mosaico-amb-zoom-1.jpg 1280w\" sizes=\"(max-width: 1024px) 100vw, 1024px\" \/>\t\t\t\t\t\t\t\t\t\t\t\t\t\t\t<\/div>\n\t\t\t\t<\/div>\n\t\t\t\t<\/div>\n\t\t\t\t\t<\/div>\n\t\t\t\t<\/div>\n\t\t\t\t<\/div>\n\t\t","protected":false},"excerpt":{"rendered":"<p>Boden &#8211; Wandbel\u00e4ge &#8222;Unsere Karamik-Boden- und Wandbel\u00e4ge vereinen \u00c4sthetik und Langlebigkeit. Ob f\u00fcr Badezimmer, K\u00fcche oder Wohnr\u00e4ume \u2013 wir bieten eine vielf\u00e4ltige Auswahl an Designs und Farben, die jedem Raum eine individuelle Note verleihen. Durch die Kombination von hochwertigen Materialien und pr\u00e4ziser Verarbeitung schaffen wir Oberfl\u00e4chen, die nicht nur sch\u00f6n aussehen, sondern auch den t\u00e4glichen [&hellip;]<\/p>\n","protected":false},"author":1,"featured_media":0,"parent":0,"menu_order":0,"comment_status":"closed","ping_status":"closed","template":"","meta":{"ocean_post_layout":"","ocean_both_sidebars_style":"","ocean_both_sidebars_content_width":0,"ocean_both_sidebars_sidebars_width":0,"ocean_sidebar":"","ocean_second_sidebar":"","ocean_disable_margins":"enable","ocean_add_body_class":"","ocean_shortcode_before_top_bar":"","ocean_shortcode_after_top_bar":"","ocean_shortcode_before_header":"","ocean_shortcode_after_header":"","ocean_has_shortcode":"","ocean_shortcode_after_title":"","ocean_shortcode_before_footer_widgets":"","ocean_shortcode_after_footer_widgets":"","ocean_shortcode_before_footer_bottom":"","ocean_shortcode_after_footer_bottom":"","ocean_display_top_bar":"default","ocean_display_header":"default","ocean_header_style":"","ocean_center_header_left_menu":"","ocean_custom_header_template":"","ocean_custom_logo":0,"ocean_custom_retina_logo":0,"ocean_custom_logo_max_width":0,"ocean_custom_logo_tablet_max_width":0,"ocean_custom_logo_mobile_max_width":0,"ocean_custom_logo_max_height":0,"ocean_custom_logo_tablet_max_height":0,"ocean_custom_logo_mobile_max_height":0,"ocean_header_custom_menu":"","ocean_menu_typo_font_family":"","ocean_menu_typo_font_subset":"","ocean_menu_typo_font_size":0,"ocean_menu_typo_font_size_tablet":0,"ocean_menu_typo_font_size_mobile":0,"ocean_menu_typo_font_size_unit":"px","ocean_menu_typo_font_weight":"","ocean_menu_typo_font_weight_tablet":"","ocean_menu_typo_font_weight_mobile":"","ocean_menu_typo_transform":"","ocean_menu_typo_transform_tablet":"","ocean_menu_typo_transform_mobile":"","ocean_menu_typo_line_height":0,"ocean_menu_typo_line_height_tablet":0,"ocean_menu_typo_line_height_mobile":0,"ocean_menu_typo_line_height_unit":"","ocean_menu_typo_spacing":0,"ocean_menu_typo_spacing_tablet":0,"ocean_menu_typo_spacing_mobile":0,"ocean_menu_typo_spacing_unit":"","ocean_menu_link_color":"","ocean_menu_link_color_hover":"","ocean_menu_link_color_active":"","ocean_menu_link_background":"","ocean_menu_link_hover_background":"","ocean_menu_link_active_background":"","ocean_menu_social_links_bg":"","ocean_menu_social_hover_links_bg":"","ocean_menu_social_links_color":"","ocean_menu_social_hover_links_color":"","ocean_disable_title":"on","ocean_disable_heading":"default","ocean_post_title":"","ocean_post_subheading":"","ocean_post_title_style":"","ocean_post_title_background_color":"","ocean_post_title_background":0,"ocean_post_title_bg_image_position":"","ocean_post_title_bg_image_attachment":"","ocean_post_title_bg_image_repeat":"","ocean_post_title_bg_image_size":"","ocean_post_title_height":0,"ocean_post_title_bg_overlay":0.5,"ocean_post_title_bg_overlay_color":"","ocean_disable_breadcrumbs":"default","ocean_breadcrumbs_color":"","ocean_breadcrumbs_separator_color":"","ocean_breadcrumbs_links_color":"","ocean_breadcrumbs_links_hover_color":"","ocean_display_footer_widgets":"default","ocean_display_footer_bottom":"default","ocean_custom_footer_template":"","footnotes":""},"class_list":["post-15","page","type-page","status-publish","hentry","entry"],"_links":{"self":[{"href":"https:\/\/www.al-keramik.ch\/index.php\/wp-json\/wp\/v2\/pages\/15","targetHints":{"allow":["GET"]}}],"collection":[{"href":"https:\/\/www.al-keramik.ch\/index.php\/wp-json\/wp\/v2\/pages"}],"about":[{"href":"https:\/\/www.al-keramik.ch\/index.php\/wp-json\/wp\/v2\/types\/page"}],"author":[{"embeddable":true,"href":"https:\/\/www.al-keramik.ch\/index.php\/wp-json\/wp\/v2\/users\/1"}],"replies":[{"embeddable":true,"href":"https:\/\/www.al-keramik.ch\/index.php\/wp-json\/wp\/v2\/comments?post=15"}],"version-history":[{"count":8,"href":"https:\/\/www.al-keramik.ch\/index.php\/wp-json\/wp\/v2\/pages\/15\/revisions"}],"predecessor-version":[{"id":109,"href":"https:\/\/www.al-keramik.ch\/index.php\/wp-json\/wp\/v2\/pages\/15\/revisions\/109"}],"wp:attachment":[{"href":"https:\/\/www.al-keramik.ch\/index.php\/wp-json\/wp\/v2\/media?parent=15"}],"curies":[{"name":"wp","href":"https:\/\/api.w.org\/{rel}","templated":true}]}}

Boden-Wandbeläge

<div data-elementor-type="wp-page" data-elementor-id="15" class="elementor elementor-15">
						<section class="elementor-section elementor-top-section elementor-element elementor-element-481a8f36 elementor-section-boxed elementor-section-height-default elementor-section-height-default" data-id="481a8f36" data-element_type="section" data-e-type="section" data-settings="{&quot;background_background&quot;:&quot;classic&quot;}">
							<div class="elementor-background-overlay"></div>
							<div class="elementor-container elementor-column-gap-default">
					<div class="elementor-column elementor-col-100 elementor-top-column elementor-element elementor-element-e893d10" data-id="e893d10" data-element_type="column" data-e-type="column">
			<div class="elementor-widget-wrap elementor-element-populated">
						<div class="elementor-element elementor-element-4ab2cf3f elementor-widget elementor-widget-heading" data-id="4ab2cf3f" data-element_type="widget" data-e-type="widget" data-widget_type="heading.default">
				<div class="elementor-widget-container">
					<h3 class="elementor-heading-title elementor-size-default">Boden - Wandbeläge</h3>				</div>
				</div>
				<div class="elementor-element elementor-element-538fcf0 elementor-widget elementor-widget-text-editor" data-id="538fcf0" data-element_type="widget" data-e-type="widget" data-widget_type="text-editor.default">
				<div class="elementor-widget-container">
									<p>&#8222;Unsere Karamik-Boden- und Wandbeläge vereinen Ästhetik und Langlebigkeit. Ob für Badezimmer, Küche oder Wohnräume – wir bieten eine vielfältige Auswahl an Designs und Farben, die jedem Raum eine individuelle Note verleihen. Durch die Kombination von hochwertigen Materialien und präziser Verarbeitung schaffen wir Oberflächen, die nicht nur schön aussehen, sondern auch den täglichen Anforderungen standhalten. Lassen Sie sich von unserer Auswahl inspirieren und verwandeln Sie Ihre Räume in echte Wohlfühloasen.&#8220;</p>								</div>
				</div>
					</div>
		</div>
					</div>
		</section>
		<div class="elementor-element elementor-element-94d7a72 e-flex e-con-boxed e-con e-parent" data-id="94d7a72" data-element_type="container" data-e-type="container">
					<div class="e-con-inner">
		<div class="elementor-element elementor-element-01b9e3e e-con-full e-flex e-con e-child" data-id="01b9e3e" data-element_type="container" data-e-type="container">
				<div class="elementor-element elementor-element-b37fa2a elementor-widget elementor-widget-image" data-id="b37fa2a" data-element_type="widget" data-e-type="widget" data-widget_type="image.default">
				<div class="elementor-widget-container">
															<img fetchpriority="high" decoding="async" width="1024" height="768" src="https://www.al-keramik.ch/wp-content/uploads/2024/08/powder-white-amb-zoom-1024x768.jpg" class="attachment-large size-large wp-image-89" alt="" srcset="https://www.al-keramik.ch/wp-content/uploads/2024/08/powder-white-amb-zoom-1024x768.jpg 1024w, https://www.al-keramik.ch/wp-content/uploads/2024/08/powder-white-amb-zoom-300x225.jpg 300w, https://www.al-keramik.ch/wp-content/uploads/2024/08/powder-white-amb-zoom-768x576.jpg 768w, https://www.al-keramik.ch/wp-content/uploads/2024/08/powder-white-amb-zoom.jpg 1280w" sizes="(max-width: 1024px) 100vw, 1024px" />															</div>
				</div>
				</div>
		<div class="elementor-element elementor-element-2a44eb7 e-con-full e-flex e-con e-child" data-id="2a44eb7" data-element_type="container" data-e-type="container">
				<div class="elementor-element elementor-element-d24ca3f elementor-widget elementor-widget-image" data-id="d24ca3f" data-element_type="widget" data-e-type="widget" data-widget_type="image.default">
				<div class="elementor-widget-container">
															<img decoding="async" width="1024" height="768" src="https://www.al-keramik.ch/wp-content/uploads/2024/08/all-grey-60x120-amb-zoom-1-1024x768.jpg" class="attachment-large size-large wp-image-79" alt="" srcset="https://www.al-keramik.ch/wp-content/uploads/2024/08/all-grey-60x120-amb-zoom-1-1024x768.jpg 1024w, https://www.al-keramik.ch/wp-content/uploads/2024/08/all-grey-60x120-amb-zoom-1-300x225.jpg 300w, https://www.al-keramik.ch/wp-content/uploads/2024/08/all-grey-60x120-amb-zoom-1-768x576.jpg 768w, https://www.al-keramik.ch/wp-content/uploads/2024/08/all-grey-60x120-amb-zoom-1.jpg 1280w" sizes="(max-width: 1024px) 100vw, 1024px" />															</div>
				</div>
				</div>
		<div class="elementor-element elementor-element-bb80092 e-con-full e-flex e-con e-child" data-id="bb80092" data-element_type="container" data-e-type="container">
				<div class="elementor-element elementor-element-0c18b57 elementor-widget elementor-widget-image" data-id="0c18b57" data-element_type="widget" data-e-type="widget" data-widget_type="image.default">
				<div class="elementor-widget-container">
															<img decoding="async" width="1024" height="768" src="https://www.al-keramik.ch/wp-content/uploads/2024/08/alpes-grey-60x120-mosaico-amb-zoom-1-1024x768.jpg" class="attachment-large size-large wp-image-80" alt="" srcset="https://www.al-keramik.ch/wp-content/uploads/2024/08/alpes-grey-60x120-mosaico-amb-zoom-1-1024x768.jpg 1024w, https://www.al-keramik.ch/wp-content/uploads/2024/08/alpes-grey-60x120-mosaico-amb-zoom-1-300x225.jpg 300w, https://www.al-keramik.ch/wp-content/uploads/2024/08/alpes-grey-60x120-mosaico-amb-zoom-1-768x576.jpg 768w, https://www.al-keramik.ch/wp-content/uploads/2024/08/alpes-grey-60x120-mosaico-amb-zoom-1.jpg 1280w" sizes="(max-width: 1024px) 100vw, 1024px" />															</div>
				</div>
				</div>
					</div>
				</div>
				</div>

<p>Boden &#8211; Wandbeläge &#8222;Unsere Karamik-Boden- und Wandbeläge vereinen Ästhetik und Langlebigkeit. Ob für Badezimmer, Küche oder Wohnräume – wir bieten eine vielfältige Auswahl an Designs und Farben, die jedem Raum eine individuelle Note verleihen. Durch die Kombination von hochwertigen Materialien und präziser Verarbeitung schaffen wir Oberflächen, die nicht nur schön aussehen, sondern auch den täglichen [&hellip;]</p>
